?
7, 17, 167
What are the prime factors of 1195987?
13, 197, 467
What are the prime factors of 362543?
181, 2003
What are the prime factors of 19857?
3, 6619
List the prime factors of 240916.
2, 13, 41, 113
List the prime factors of 721573.
71, 10163
List the prime factors of 5351133.
3, 1783711
What are the prime factors of 985644?
2, 3, 11, 19, 131
What are the prime factors of 6520557?
3, 2173519
What are the prime factors of 171762?
2, 3, 28627
List the prime factors of 2073890.
2, 5, 7, 13, 43, 53
What are the prime factors of 3853936?
2, 79, 3049
List the prime factors of 704829.
3, 103, 2281
What are the prime factors of 4277341?
4277341
List the prime factors of 280860.
2, 3, 5, 31, 151
What are the prime factors of 738277?
23, 32099
What are the prime factors of 327844?
2, 11, 7451
What are the prime factors of 326763?
3, 36307
What are the prime factors of 701921?
11, 5801
List the prime factors of 733435.
5, 47, 3121
List the prime factors of 14907554.
2, 47, 158591
List the prime factors of 2380069.
2380069
List the prime factors of 26426.
2, 73, 181
What are the prime factors of 466783?
607, 769
List the prime factors of 2530326.
2, 3, 53, 73, 109
List the prime factors of 6366459.
3, 11, 192923
What are the prime factors of 505690?
2, 5, 61, 829
List the prime factors of 1228762.
2, 113, 5437
What are the prime factors of 303768?
2, 3, 4219
List the prime factors of 5722173.
3, 19, 109, 307
What are the prime factors of 5336316?
2, 3, 227, 653
What are the prime factors of 13426882?
2, 7, 19, 7211
What are the prime factors of 23959?
13, 19, 97
List the prime factors of 25438636.
2, 6359659
List the prime factors of 41203406.
2, 20601703
What are the prime factors of 94367?
7, 13, 17, 61
List the prime factors of 2747214.
2, 3, 152623
What are the prime factors of 1537151?
7, 11, 19963
List the prime factors of 807415.
5, 7, 17, 23, 59
List the prime factors of 8324295.
3, 5, 7, 79279
What are the prime factors of 2316285?
3, 5, 51473
List the prime factors of 2725406.
2, 17, 71, 1129
List the prime factors of 804234.
2, 3, 134039
List the prime factors of 1159056.
2, 3, 2683
What are the prime factors of 2895558?
2, 3, 482593
List the prime factors of 1390268.
2, 11, 19, 1663
What are the prime factors of 584113?
53, 103, 107
What are the prime factors of 291866?
2, 145933
What are the prime factors of 118380?
2, 3, 5, 1973
What are the prime factors of 498376?
2, 62297
List the prime factors of 634410.
2, 3, 5, 7, 19, 53
List the prime factors of 3497046.
2, 3, 7, 53, 1571
List the prime factors of 255484.
2, 23, 2777
List the prime factors of 608767.
608767
What are the prime factors of 518719?
19, 23, 1187
What are the prime factors of 947654?
2, 131, 3617
What are the prime factors of 131638?
2, 13, 61, 83
What are the prime factors of 4742085?
3, 5, 316139
What are the prime factors of 43899?
3, 14633
What are the prime factors of 233630?
2, 5, 61, 383
What are the prime factors of 7547870?
2, 5, 11, 59, 1163
What are the prime factors of 1372970?
2, 5, 251, 547
What are the prime factors of 952124?
2, 238031
What are the prime factors of 5966763?
3, 11, 180811
What are the prime factors of 9921634?
2, 101, 49117
What are the prime factors of 1294277?
1294277
What are the prime factors of 57535?
5, 37, 311
What are the prime factors of 332740?
2, 5, 127, 131
List the prime factors of 889346.
2, 71, 6263
What are the prime factors of 11812?
2, 2953
List the prime factors of 7051566.
2, 3, 17, 257, 269
List the prime factors of 4436655.
3, 5, 295777
List the prime factors of 792057.
3, 7, 37717
What are the prime factors of 1809784?
2, 43, 5261
List the prime factors of 13905107.
13905107
List the prime factors of 12470.
2, 5, 29, 43
What are the prime factors of 1835545?
5, 83, 4423
List the prime factors of 304016.
2, 19001
List the prime factors of 1052542.
2, 526271
List the prime factors of 935246.
2, 13, 2767
List the prime factors of 694681.
13, 53437
What are the prime factors of 222609?
3, 74203
What are the prime factors of 153301?
83, 1847
What are the prime factors of 1872670?
2, 5, 401, 467
What are the prime factors of 373980?
2, 3, 5, 23, 271
What are the prime factors of 2899511?
2899511
List the prime factors of 10535879.
881, 11959
What are the prime factors of 1472440?
2, 5, 131, 281
What are the prime factors of 8490628?
2, 2122657
What are the prime factors of 2027325?
3, 5, 27031
List the prime factors of 2643093.
3, 293677
List the prime factors of 1361943.
3, 11, 13757
List the prime factors of 78574.
2, 17, 2311
List the prime factors of 487540.
2, 5, 19, 1283
What are the prime factors of 369927?
3, 4567
What are the prime factors of 1105092?
2, 3, 30697
What are the prime factors of 12002950?
2, 5, 240059
What are the prime factors of 452428?
2, 19, 5953
List the prime factors of 2859480.
2, 3, 5, 13, 47
What are the prime factors of 25258623?
3, 13, 23, 29, 971
List the prime factors of 3147483.
3, 19, 55219
What are the prime factors of 5724245?
5, 829, 1381
What are the prime factors of 7207196?
2, 29, 62131
List the prime factors of 3090269.
7, 13, 29, 1171
What are the prime factors of 19868791?
19868791
What are the prime factors of 618385?
5, 123677
What are the prime factors of 1381919?
7, 11, 131, 137
What are the prime factors of 34160?
2, 5, 7, 61
What are the prime factors of 4589195?
5, 13, 5431
List the prime factors of 210516.
2, 3, 53, 331
What are the prime factors of 1122119?
17, 149, 443
List the prime factors of 79170.
2, 3, 5, 7, 13, 29
List the prime factors of 21339.
3, 2371
List the prime factors of 7984179.
3, 7, 126733
What are the prime factors of 179534?
2, 89767
List the prime factors of 404449.
404449
What are the prime factors of 206859?
3, 53, 1301
List the prime factors of 36442281.
3, 23, 22963
List the prime factors of 666341.
13, 51257
List the prime factors of 349726.
2, 13, 13451
What are the prime factors of 150826?
2, 13, 5801
What are the prime factors of 3120758?
2, 17, 263, 349
List the prime factors of 517135.
5, 59, 1753
List the prime factors of 183017.
397, 461
What are the prime factors of 361084?
2, 90271
List the prime factors of 447951.
3, 7, 83, 257
List the prime factors of 297918.
2, 3, 613
What are the prime factors of 358275?
3, 5, 17, 281
List the prime factors of 9497864.
2, 1187233
What are the prime factors of 157146?
2, 3, 11, 2381
List the prime factors of 1070050.
2, 5, 21401
List the prime factors of 1826178.
2, 3, 304363
What are the prime factors of 630596?
2, 157649
What are the prime factors of 20655105?
3, 5, 29, 103, 461
List the prime factors of 1404943.
907, 1549
What are the prime factors of 205237?
205237
List the prime factors of 3064670.
2, 5, 7, 43781
What are the prime factors of 1512256?
2, 23629
What are the prime factors of 40152?
2, 3, 7, 239
What are the prime factors of 211633?
17, 59, 211
List the prime factors of 11491193.
7, 41, 40039
List the prime factors of 449528.
2, 83, 677
List the prime factors of 4257266.
2, 13, 163741
What are the prime factors of 4984147?
7, 712021
What are the prime factors of 1745044?
2, 7, 62323
What are the prime factors of 307509?
3, 102503
What are the prime factors of 1848839?
47, 139, 283
List the prime factors of 733398.
2, 3, 31, 3943
List the prime factors of 246162.
2, 3, 7, 5861
What are the prime factors of 5149321?
53, 97157
What are the prime factors of 102306?
2, 3, 17, 59
What are the prime factors of 12292590?
2, 3, 5, 409753
List the prime factors of 122129.
7, 73, 239
What are the prime factors of 187825?
5, 11, 683
What are the prime factors of 309605?
5, 19, 3259
What are the prime factors of 330223?
29, 59, 193
List the prime factors of 1713673.
13, 61, 2161
List the prime factors of 15587625.
3, 5, 197, 211
What are the prime factors of 180675?
3, 5, 11, 73
What are the prime factors of 169051?
71, 2381
What are the prime factors of 13700023?
53, 258491
List the prime factors of 138967.
138967
What are the prime factors of 1021833?
3, 113537
List the prime factors of 412257.
3, 131, 1049
List the prime factors of 3559652.
2, 353, 2521
What are the prime factors of 3750472?
2, 11, 17, 23, 109
What are the prime factors of 31680?
2, 3, 5, 11
What are the prime